t are the prime factors of 576701171?
576701171
List the prime factors of 396281204.
2, 11, 9006391
What are the prime factors of 204775655?
5, 7, 835819
What are the prime factors of 399676732?
2, 7, 13, 17, 9227
List the prime factors of 794237004.
2, 3, 11, 43, 46643
What are the prime factors of 141091781?
141091781
What are the prime factors of 466258842?
2, 3, 7, 179, 2297
What are the prime factors of 956588744?
2, 19, 47, 293, 457
List the prime factors of 2034185983.
17, 401, 298399
What are the prime factors of 902282942?
2, 11, 97, 563, 751
What are the prime factors of 2657389839?
3, 13, 37, 563, 3271
What are the prime factors of 264286583?
11, 23, 677, 1543
List the prime factors of 171271090.
2, 5, 17, 53, 19009
List the prime factors of 715467412.
2, 11, 167, 97369
What are the prime factors of 59507236?
2, 41, 491, 739
What are the prime factors of 113642879?
7, 599, 27103
What are the prime factors of 2326425051?
3, 13151, 58967
What are the prime factors of 745719209?
2659, 280451
What are the prime factors of 3272682229?
3272682229
What are the prime factors of 6394029839?
6394029839
List the prime factors of 1556570838.
2, 3, 281, 923233
What are the prime factors of 85308381?
3, 2341, 4049
List the prime factors of 541210689.
3, 60134521
What are the prime factors of 1661195275?
5, 2281, 29131
What are the prime factors of 76614934?
2, 11, 827, 4211
What are the prime factors of 77414277?
3, 17, 1517927
List the prime factors of 738611241.
3, 61, 421, 9587
What are the prime factors of 54478371?
3, 71, 255767
List the prime factors of 662760842.
2, 31, 97, 193, 571
List the prime factors of 31139379.
3, 1217, 2843
What are the prime factors of 6295700375?
5, 181, 463, 601
What are the prime factors of 121444716?
2, 3, 113, 89561
What are the prime factors of 75190273?
43, 1748611
List the prime factors of 893437326.
2, 3, 49635407
What are the prime factors of 214980216?
2, 3, 11, 181, 409
What are the prime factors of 313683147?
3, 34853683
What are the prime factors of 39244471?
7, 5606353
List the prime factors of 7766198203.
97, 5381, 14879
List the prime factors of 305127924.
2, 3, 25427327
What are the prime factors of 4599502577?
19, 6521, 37123
List the prime factors of 31023363.
3, 7, 197, 7499
List the prime factors of 30401399.
7, 4343057
List the prime factors of 206499122.
2, 31, 419, 7949
What are the prime factors of 21886379?
21886379
List the prime factors of 311610467.
7, 44515781
List the prime factors of 96286814.
2, 13, 631, 5869
List the prime factors of 1671434805.
3, 5, 317, 347, 1013
What are the prime factors of 20467639?
20467639
What are the prime factors of 235634793?
3, 23, 3414997
List the prime factors of 2136050003.
2136050003
What are the prime factors of 885549764?
2, 11, 20126131
What are the prime factors of 255956926?
2, 23, 211, 26371
List the prime factors of 475873267.
29, 16409423
List the prime factors of 276748595.
5, 29, 1908611
What are the prime factors of 490533942?
2, 3, 81755657
What are the prime factors of 2226616509?
3, 13, 31, 1841701
List the prime factors of 96219698.
2, 53, 907733
What are the prime factors of 276255668?
2, 13, 19, 23, 12157
List the prime factors of 1827532055.
5, 5821, 62791
List the prime factors of 190538404.
2, 7, 6804943
What are the prime factors of 1450031548?
2, 7, 101, 512741
List the prime factors of 62551788.
2, 3, 13, 83, 4831
What are the prime factors of 28458408?
2, 3, 11, 17, 373
List the prime factors of 67108813.
29, 2314097
What are the prime factors of 458957677?
431, 1064867
What are the prime factors of 44943028?
2, 13, 864289
List the prime factors of 21455809.
21455809
What are the prime factors of 498084348?
2, 3, 127, 317, 1031
What are the prime factors of 2111936401?
17, 683, 181891
What are the prime factors of 57017266?
2, 353, 80761
What are the prime factors of 7459922?
2, 3729961
What are the prime factors of 119771296?
2, 139, 26927
What are the prime factors of 22718813?
13, 19, 47, 103
List the prime factors of 6045221778.
2, 3, 97, 10386979
List the prime factors of 1285036165.
5, 7, 47, 127, 6151
What are the prime factors of 4078897870?
2, 5, 43, 9485809
List the prime factors of 61283964.
2, 3, 7, 729571
List the prime factors of 2704352206.
2, 27367, 49409
What are the prime factors of 516152784?
2, 3, 7, 19, 233, 347
What are the prime factors of 150690457?
23, 41, 159799
List the prime factors of 434363800.
2, 5, 13, 71, 181
What are the prime factors of 1175329964?
2, 479, 619, 991
List the prime factors of 3817556957.
211, 991, 18257
List the prime factors of 123504018.
2, 3, 11, 79, 23687
List the prime factors of 1389324124.
2, 137, 2535263
List the prime factors of 210811627.
13, 41, 137, 2887
List the prime factors of 8427808207.
7, 13, 19, 487, 10009
List the prime factors of 63809855.
5, 12761971
List the prime factors of 66104800.
2, 5, 19, 4349
What are the prime factors of 85943801?
23, 541, 6907
List the prime factors of 54962968.
2, 211, 32561
List the prime factors of 153528523.
29, 31, 170777
What are the prime factors of 1973199149?
1973199149
List the prime factors of 1520725896.
2, 3, 29, 728317
What are the prime factors of 257758992?
2, 3, 1789993
What are the prime factors of 23190188?
2, 7, 828221
List the prime factors of 2677947918.
2, 3, 446324653
List the prime factors of 642588823.
61, 10534243
What are the prime factors of 4390550331?
3, 1463516777
What are the prime factors of 308094362?
2, 659, 233759
List the prime factors of 5307830933.
17, 331, 55487
List the prime factors of 462074540.
2, 5, 23103727
What are the prime factors of 4623897893?
19, 107, 2274421
List the prime factors of 8788984285.
5, 73, 1181, 20389
What are the prime factors of 580209644?
2, 7, 2551, 8123
What are the prime factors of 1103339440?
2, 5, 7, 17, 23, 5039
What are the prime factors of 75953067?
3, 25317689
What are the prime factors of 1615597308?
2, 3, 13, 29, 119039
List the prime factors of 3524155348.
2, 7, 3673, 34267
List the prime factors of 4703357046.
2, 3, 37, 191, 110923
What are the prime factors of 123228806?
2, 61614403
List the prime factors of 131166881.
131166881
List the prime factors of 776617350.
2, 3, 5, 5177449
List the prime factors of 112359596.
2, 17, 1652347
List the prime factors of 55457591.
7, 89, 89017
List the prime factors of 351815033.
9391, 37463
What are the prime factors of 59188831?
13, 347, 13121
What are the prime factors of 33028425?
3, 5, 167, 293
What are the prime factors of 2279751126?
2, 3, 41, 193, 48017
What are the prime factors of 7535480?
2, 5, 31, 59, 103
What are the prime factors of 181978039?
1097, 165887
What are the prime factors of 31312680?
2, 3, 5, 7, 37277
List the prime factors of 5269859021.
7, 752837003
What are the prime factors of 35923060?
2, 5, 43, 41771
What are the prime factors of 12241002?
2, 3, 2040167
List the prime factors of 430452016.
2, 43, 625657
List the prime factors of 4925839.
359, 13721
What are the prime factors of 168112460?
2, 5, 37, 157, 1447
What are the prime factors of 21260413?
21260413
List the prime factors of 24382084.
2, 89, 68489
List the prime factors of 2404663262.
2, 1202331631
List the prime factors of 74531365.
5, 79, 188687
What are the prime factors of 730446543?
3, 1693, 47939
What are the prime factors of 60929480?
2, 5, 359, 4243
List the prime factors of 2034707699.
181, 11241479
List the prime factors of 348592760.
2, 5, 29, 300511
What are the prime factors of 1090993893?
3, 11, 43, 349, 2203
What are the prime factors of 21787447?
11, 107, 173
List the prime factors of 15918485.
5, 11, 19, 15233
List the prime factors of 371191719.
3, 17, 7278269
What are the prime factors of 601352828?
2, 251, 307, 1951
List the prime factors of 249586728.
2, 3, 10399447
What are the prime factors of 5436928936?
2, 823, 825779
List the prime factors of 210687348.
2, 3, 59, 297581
What are the prime factors of 322481875?
5, 227, 2273
What are the prime factors of 3084419363?
3084419363
What are the prime factors of 1976405868?
2, 3, 31, 1770973
What are the prime factors of 17202699?
3, 70793
List the prime factors of 1882350408.
2, 3, 137, 572491
List the prime factors of 3918286010.
2, 5, 457, 88